{"id":1606,"date":"2024-10-02T11:08:27","date_gmt":"2024-10-02T09:08:27","guid":{"rendered":"http:\/\/glanzmomente.artofs.de\/?page_id=1606"},"modified":"2024-10-02T11:08:27","modified_gmt":"2024-10-02T09:08:27","slug":"impressum","status":"publish","type":"page","link":"https:\/\/lubminer-glanzmomente.de\/?page_id=1606","title":{"rendered":"Impressum"},"content":{"rendered":"\t\t<div data-elementor-type=\"wp-page\" data-elementor-id=\"1606\" class=\"elementor elementor-1606\">\n\t\t\t\t<div class=\"elementor-element elementor-element-8684ca9 e-flex e-con-boxed e-con e-parent\" data-id=\"8684ca9\" data-element_type=\"container\">\n\t\t\t\t\t<div class=\"e-con-inner\">\n\t\t\t\t<div class=\"elementor-element elementor-element-d692c45 elementor-widget elementor-widget-text-editor\" data-id=\"d692c45\" data-element_type=\"widget\" data-widget_type=\"text-editor.default\">\n\t\t\t\t<div class=\"elementor-widget-container\">\n\t\t\t\t\t\t\t<h2>Impressum<\/h2><h4><b>Anschrift <\/b><\/h4><p>Tobias Heiden<br \/><br \/>17509 Lubmin<\/p><h4><b>Kontakt E-Mail:\u00a0<\/b><\/h4><p>lubminer.glanzmomente@yahoo.com<\/p><h4>Verantwortliche<\/h4><p>Ich, Tobias Heiden, bin verantwortlich f\u00fcr den Inhalt von <a href=\"http:\/\/www.lubminer-glanzmomente.de\" target=\"_blank\" rel=\"noopener\">www.lubminer-glanzmomente.de.<\/a><\/p><h4>Copyright<\/h4><p>Der Inhalt von <a href=\"http:\/\/www.lubminer-glanzmomente.de\" target=\"_blank\" rel=\"noopener\">www.lubminer-glanzmomente.de.<\/a>\u00a0(Texte, Bilder, Grafiken, etc.) unterliegt dem Urheberrecht und anderen Gesetzen zum Schutz geistigen Eigentums.<br \/>Ohne vorherige schriftliche Zustimmung von mir d\u00fcrfen keine Inhalte der Seite verwendet werden.<\/p><h4>Haftung<\/h4><p>Alle Angaben auf dieser Internet-Seite habe ich sorgf\u00e4ltig gepr\u00fcft, dennoch k\u00f6nnen Fehler oder Ungenauigkeiten enthalten sein.<br \/>Ich \u00fcbernehme daher keine Haftung oder Garantie f\u00fcr die Richtigkeit und Aktualit\u00e4t der Daten.<br \/>Dies gilt auch f\u00fcr andere Web-Sites, auf die ich mit Hyperlinks verweise.<br \/>F\u00fcr den Inhalt dieser Web-Sites sind ausschlie\u00dflich deren Betreiber verantwortlich.<\/p>\t\t\t\t\t\t<\/div>\n\t\t\t\t<\/div>\n\t\t\t\t\t<\/div>\n\t\t\t\t<\/div>\n\t\t\t\t<\/div>\n\t\t","protected":false},"excerpt":{"rendered":"<p>Impressum Anschrift Tobias Heiden 17509 Lubmin Kontakt E-Mail:\u00a0 lubminer.glanzmomente@yahoo.com Verantwortliche Ich, Tobias Heiden, bin verantwortlich f\u00fcr den Inhalt von www.lubminer-glanzmomente.de. Copyright Der Inhalt von www.lubminer-glanzmomente.de.\u00a0(Texte, Bilder, Grafiken, etc.) unterliegt dem Urheberrecht und anderen Gesetzen zum Schutz geistigen Eigentums.Ohne vorherige schriftliche Zustimmung von mir d\u00fcrfen keine Inhalte der Seite verwendet werden. Haftung Alle Angaben auf dieser&hellip;&nbsp;<a href=\"https:\/\/lubminer-glanzmomente.de\/?page_id=1606\" rel=\"bookmark\">Weiterlesen &raquo;<span class=\"screen-reader-text\">Impressum<\/span><\/a><\/p>\n","protected":false},"author":1,"featured_media":0,"parent":0,"menu_order":0,"comment_status":"closed","ping_status":"closed","template":"","meta":{"neve_meta_sidebar":"","neve_meta_container":"","neve_meta_enable_content_width":"","neve_meta_content_width":0,"neve_meta_title_alignment":"","neve_meta_author_avatar":"","neve_post_elements_order":"","neve_meta_disable_header":"","neve_meta_disable_footer":"","neve_meta_disable_title":"","_themeisle_gutenberg_block_has_review":false,"footnotes":""},"class_list":["post-1606","page","type-page","status-publish","hentry"],"_links":{"self":[{"href":"https:\/\/lubminer-glanzmomente.de\/index.php?rest_route=\/wp\/v2\/pages\/1606","targetHints":{"allow":["GET"]}}],"collection":[{"href":"https:\/\/lubminer-glanzmomente.de\/index.php?rest_route=\/wp\/v2\/pages"}],"about":[{"href":"https:\/\/lubminer-glanzmomente.de\/index.php?rest_route=\/wp\/v2\/types\/page"}],"author":[{"embeddable":true,"href":"https:\/\/lubminer-glanzmomente.de\/index.php?rest_route=\/wp\/v2\/users\/1"}],"replies":[{"embeddable":true,"href":"https:\/\/lubminer-glanzmomente.de\/index.php?rest_route=%2Fwp%2Fv2%2Fcomments&post=1606"}],"version-history":[{"count":0,"href":"https:\/\/lubminer-glanzmomente.de\/index.php?rest_route=\/wp\/v2\/pages\/1606\/revisions"}],"wp:attachment":[{"href":"https:\/\/lubminer-glanzmomente.de\/index.php?rest_route=%2Fwp%2Fv2%2Fmedia&parent=1606"}],"curies":[{"name":"wp","href":"https:\/\/api.w.org\/{rel}","templated":true}]}}